-0*q - 8. Let o(c) = c**3 - 6*c**2 + 5*c + 1. Calculate o(q).
-11
Let c be 2 + 44/(-16) + 8/(-32). Let f(m) = 6*m**3 - 12*m**2 + m - 1. Let d(x) = -x**3 + x**2 - 2*x + 1. Let p(a) = c*f(a) - 5*d(a). Determine p(8).
4
Suppose -4*t = -20, m + 3*t - 20 + 3 = 0. Let r be (-1)/(-9) - (-3)/(-2)*(-40)/(-54). Let w be m/((-6)/10 - r). Let n(v) = v**2 - 6*v + 7. Determine n(w).
2
Let x(d) = 23 + d**2 + 14*d - 24 - 9*d - 3*d. Let c(z) = 2*z + z - 2*z. Let i(r) = 4*c(r) + x(r). Give i(-6).
-1
Let n be 103416/216 - (-2)/9. Let o = n + -489. Let h(b) = b**2 + 10*b - 4. Determine h(o).
-4
Let m(j) = -j**3 + 2*j - 1. Let v be m(-2). Let u be (-20)/(-4) + -26 - 0. Let o be (-7 - 196/u)*1*v. Let z(s) = -s**2 + 5*s + 7. Determine z(o).
-7
Let v(l) = -5*l**2 + 1 - 2*l**2 - 7*l**2. Let d(a) = -10*a - 39. Suppose 5*i + 20 = 2*b + 8, 20 = -5*b. Let p be d(i). Determine v(p).
-13
Suppose b + 2*i - 12 = 0, 7 = 3*b - 5*i - 40. Let c = 18 - b. Let k(u) = -720*u**2 + 15*u + 5 - 1 - u**3 + 1 - 20*u + 725*u**2. Determine k(c).
1
Let b(w) = -2*w - 11. Let c be -9 - (-1)/((-3)/(-9)). Let k(f) = -3*f - 21. Let p(d) = c*k(d) + 11*b(d). Give p(6).
-19
Let g = 1385 - 1391. Let i(f) be the third derivative of -f**6/120 - 7*f**5/60 - f**4/6 + f**3/6 - f**2. Determine i(g).
-11
Let v(u) = -7 - 6 + 2*u + 0*u + 8 - 5. Calculate v(10).
10
Let t = -652 - -646. Let r(n) be the first derivative of 5*n + 7/2*n**2 + 1/3*n**3 + 3. What is r(t)?
-1
Suppose -78*k - 108*k + 323 = 1253. Let u(z) = 16*z + 111. Give u(k).
31
Let s(q) = -221*q - 2650. Let z be s(-12). Let t(p) be the third derivative of 1/2*p**3 - 1/8*p**4 + 0 + 41*p**z + 0*p. Determine t(5).
-12
Let j(r) = -5*r**3 - r**2 - 2*r - 1. Let a be j(-1). Let x be a/(-3) + (-4)/(-6). Let d(i) be the first derivative of -7*i**3/3 + 103741. Determine d(x).
-7
Let o be (-226 + 218)*22/16. Let h(p) = p**2 + 11*p - 4. Give h(o).
-4
Let m(t) = -t**2 + 9*t - 1. Let f(k) = -k**3 + 35*k**2 + 39*k - 42. Let d be f(36). Suppose 15*a - d = 54. Give m(a).
7
Let r be (3/9*0)/(-2). Let n be (3 - (-2 + 0)) + 49 + -20. Let m(u) = u + 27 - 6*u - n + 4*u. Calculate m(r).
-7
Let o(d) = 246*d + 95. Let v(p) = -409*p - 189. Let a(j) = -5*o(j) - 3*v(j). Give a(35).
-13
Let f(t) = -4*t**2 + 17*t - 10. Let o be f(3). Suppose 4*q = 2*g - 2, 0 = -o*g + g + 3*q - 6. Let x(l) = -5*l. Give x(g).
15
Let g(q) = -413*q + 32. Let n(z) = 69*z + 1. Let u(f) = g(f) + 6*n(f). Determine u(-21).
17
Let s be -9 - -5 - (2/2 - 10). Let p(w) = 3*w**2 - 8265*w + 8260*w - 40 + 39. Calculate p(s).
49
Let x = 13193 - 13172. Let l(z) be the first derivative of 1/2*z**2 + x + z. Determine l(6).
7
Let h be 4*2 + 34 + -37. Let a(u) = 4*u - 79 + 28 + 24 + 31. Give a(h).
24
Let t be (-21)/(-30)*(-4)/(-7)*15/4. Let m(i) be the first derivative of -9*i + 29 + t*i**2. Determine m(5).
6
Let y = -3 - 5. Let n be 0/(-1) + (0 - y). Let i(w) = 8*w**2 - 142 - 6*w**3 + 60 + 77 + 5*w**3. Give i(n).
-5
Let g(b) = -16*b**2 - 7*b + 35*b**2 - 2*b**2 - 16*b**2 - 56. What is g(10)?
-26
Let x(c) = -4*c - 1. Suppose 2*m - 4 = 4*w, -4*m + 6*m = w + 7. Suppose 5*z - 9 = -m. Calculate x(z).
-5
Let p = -100 + 84. Let j(r) = r**3 + 17*r**2 + 17*r + 11. Let f be j(p). Let q be (f - -8)/((-3)/(-8)). Let l(z) = -z + 11. Calculate l(q).
3
Let y(u) = 8*u**2 + 21*u - 2. Let k be y(-1). Let l(c) = -c + 6. Determine l(k).
21
Let c = 3 - 4. Let b(z) = z. Let s(p) = 3*p + 4. Let k(m) = c*s(m) + 2*b(m). Let d = -502 - -498. Calculate k(d).
0
Let h = -2107 - -2111. Let r(g) = g**3 - 4*g**2 + 2*g + 1. Give r(h).
9
Let q be 7/(-7) + (-5)/(-1). Let r be (q/(-5))/((-4)/10). Let d(o) be the first derivative of -o**4/2 + 4*o**3/3 - 2*o**2 + 3*o - 4. Determine d(r).
-5
Suppose 2*m = 7 + 3. Let l(w) = w - 1. Let i be l(m). Let u(v) = 6*v + i - 2*v + 3*v - v. Determine u(-3).
-14
Let b(z) = -111 - z**2 + 2*z - 128 - 128 + 371. Give b(0).
4
Let s(q) = -q**3 - 10*q**2 - 21*q + 5. Let g be -3 - 5/((-6)/21 + (-780)/(-280)). Calculate s(g).
-15
Let q(s) = 2*s**3 + 3*s**2 + 1. Suppose 3*m - m = -2*i + 2, 3*m = -2*i. Let b(j) = -j**3 + 6*j**2 - 9*j - 3. Let r be b(i). Determine q(r).
-26
Let c(u) be the third derivative of u**4/6 - 5*u**3/3 + 956*u**2. What is c(2)?
-2
Let b(y) = -y - 4. Suppose 0 = -74*a + 117*a - 258. What is b(a)?
-10
Let c(k) = -30*k**3 - 51*k**2 - 10*k - 96. Let a(y) = 23*y**3 + 38*y**2 + 7*y + 72. Let d(s) = -9*a(s) - 7*c(s). What is d(-5)?
-11
Let y(s) = 16*s + 127. Let n(l) = 10*l**2 - 385*l + 182. Let o be n(38). What is y(o)?
-1
Let n be 9 + (-266)/21 - (-6)/9. Suppose 12 = 4*k - 2*l, l - 6 = -3*k + 2*k. Let x(w) = 3*w**2 + 5 + 2*w - k - 4. Give x(n).
18
Let t(r) = 7 + 983*r**2 + 996*r**2 - 1980*r**2 + 15*r. Calculate t(15).
7
Let v(g) = -4*g**2 - 25 - 15 + 4*g + 3*g + g**3 + 32. Give v(3).
4
Let h(m) = m**3 - 5*m**2 + 3*m - 5. Let s be (3770/(-1950) + 1/3)*10/(-8). Calculate h(s).
-11
Suppose 5*m + 30 = -3*w, 18 = 186*w - 183*w - 3*m. Let n(b) = 4*b + 33. Give n(w).
33
Suppose -99 = c - 6*c + 2*q, -2*c = -4*q - 30. Suppose -4*v + 7*v = -c. Let h(j) = j + 13. Calculate h(v).
6
Let l(y) be the third derivative of y**5/30 + y**4/2 + 23*y**3/6 + 7025*y**2. What is l(-3)?
5
Suppose 0 = 109*z + 15 - 1541. Let n(w) be the first derivative of -2/3*w**3 + w + 1/2*w**4 - z + 0*w**2. Determine n(2).
9
Let t(w) = 13*w + 1. Let m be 1/(-1) - 2/((-6)/9). Suppose 0*g + 6 = m*g. Suppose -5*c + g*c - 2 = 0. Determine t(c).
-12
Let v(k) be the second derivative of -2/3*k**3 + 30*k + 4*k**2 + 5/12*k**4 + 1/20*k**5 + 0. Give v(-6).
-4
Suppose 0 = 23*w - 86*w - 378. Let x(u) = -u**2 - 9*u - 21. Calculate x(w).
-3
Let f(c) = 2*c**3 + 3*c**2 - 5*c - 22. Let p be f(-7). Let s = -524 - p. Let t(a) = -2*a**2 - a - 2. Give t(s).
-12
Let m(z) be the second derivative of z**3/6 + 3*z**2/2 - 7307*z. Suppose -16 + 61 = -5*o. What is m(o)?
-6
Suppose 3*a + 16 = 7*w - 3*w, -2*w + 4*a = -8. Let p be -10*w/(-8)*1. Suppose -r = p*t - 24, -3*t - 4*r - r + 10 = 0. Let z(o) = -o**2 + 5*o + 3. What is z(t)?
3
Let x be (-75)/(-10)*(-32)/(-12). Let v(k) = 5*k**3 + 89*k**2 - 9*k + 26. Let u(z) = z**3 + 22*z**2 - 2*z + 6. Let o(m) = 9*u(m) - 2*v(m). What is o(x)?
2
Suppose 3*o - 5*z + 37 = -10*z, 4*o - z = -57. Let a(d) = 3*d + 29. Calculate a(o).
-13
Let l = 3065 - 3075. Let a(i) = i**3 + 10*i**2 - 3. Calculate a(l).
-3
Let u(a) = a**3 - a**2 - 2*a - 2. Let c = 15 - 33. Suppose 4*p = p + k + 67, 4 = -k. Let o = p + c. Calculate u(o).
10
Let y(b) = -b**3 - 9*b**2 - 9*b + 4. Let t = -7366 + 7358. What is y(t)?
12
Suppose -5*a - 3*y + y + 5 = 0, -3*y = -a + 18. Let h(x) = -3 - 82*x - 3 + 150*x - 77*x + 4. Calculate h(a).
-29
Suppose -4*l - 12 = -118*x + 121*x, -3*x = 0. Let b(z) = 2*z**3 + z**2 - 3*z - 1. Calculate b(l).
-37
Let t(w) = 2*w - w + 2*w + 0*w. Let z be (-36)/(32/8)*2/(-6). Suppose 13 - z = 2*l. Determine t(l).
15
Let d(a) = -1 + 0*a**3 + a**2 - a**3 - 3*a + 6*a**2. Suppose 6*c = 21 + 1017. Let x = c - 167. Calculate d(x).
17
Let k(q) = -q**2 + 5*q + 5. Suppose -6*n = -v - 8*n + 21, 5*n = -5*v + 105. Suppose 5*o = v + 9. Calculate k(o).
-1
Let k(l) = -l**3 + l**2 + 7*l + 5. Let u be k(-2). Suppose u*y = -5*t + 25, -4*y + 10 = -2*y. Let c(n) = -2*n**3 - 3*n**2 + 2*n + 1. Give c(t).
-23
Let p(w) = w**3 + 18*w**2 + 21*w + 91. Let b = 8901 - 8918. Determine p(b).
23
Let w(x) = x**3 + 19*x**2 + 77*x - 5. Let k be w(-13). Suppose 10 = -d + 2*d. Let s(z) = -k*z**2 + d*z**2 - 7*z**3 + z + 6*z**3. Give s(2).
2
Let z(l) = l**3 + l**2 + l + 4. Suppose 42*w = 6*w + 324. Let b be (6 - w - -3)/(-1). Calculate z(b).
4
Let z(l) = -l**2 + 1156*l + 2320. Let k be z(-2). Let v(f) = 6 + f - 17 + 1 + 9. What is v(k)?
3
Let g(o) = 16*o. Suppose -3*h = 11*h - 42. Let u(b) = -9*b. Let w(f) = h*g(f) + 5*u(f). Suppose -1 = 2*p - 5. Determine w(p).
6
Let p = -12396 - -12379. Let l(r) = -r**2 - 14*r + 55. Calculate l(p).
4
Let z(s) = s + 18. Let k(l) = 46*l + 353. Let o be k(-19). Let d = o + 508. What is z(d)?
5
Let d = 3 - 10. Let k(j) = -2*j**2 - 13*j + 313. Let r(g) = g**2 + 6*g - 126. Let f(s) = 2*k(s) + 5*r(s). Give f(d).
17
Let r(y) = -y**2 + 5*y + 7. Suppose -35*v + 45*v - 50 = 0. Suppose 4*a - v*i + 10*i - 29 = 0, 2 = 2*i. What is r(a)?
1
Suppose 0 = -p + 4*w - 7, 2*p = 4*p - 3*w + 14. Let k(x) = 10*x + 20. Let u(l) = 6*l + 10. Let r(f) = p*u(f) + 4*k(f). Calc